ime factors of j.
5, 97
Let d(j) = -71*j - 134. What are the prime factors of d(-15)?
7, 19
Suppose -175 = 4*o + 17. Let g be (3/2)/(o/(-64)). Suppose g*v = v - 4*l + 30, -2*v + 5*l + 86 = 0. List the prime factors of v.
2, 19
Suppose 54*k + 21600 = 70*k. List the prime factors of k.
2, 3, 5
Let i(j) = -j + 6. Suppose -2*g + 3*g = -6. Let l be (0*2/g)/2. List the prime factors of i(l).
2, 3
Let y = 6630 - 1727. What are the prime factors of y?
4903
Let z(v) = -v**3 + 7*v**2 + v + 8. Let f be z(7). Let l = 9 + f. List the prime factors of l.
2, 3
Suppose 0 = 181*l - 182*l + 212. List the prime factors of l.
2, 53
Let q(h) = -h**3 + 11*h**2 + 10*h + 26. Let u be q(12). Suppose -u*v = -6*v + 296. What are the prime factors of v?
2, 37
Suppose 4*d + 204 = 10*d. Let n = d + -15. What are the prime factors of n?
19
Let c = -108 - -145. Suppose 3*y = u - 136 - c, 356 = 2*u + 4*y. What are the prime factors of u?
2, 11
Let x(w) be the second derivative of -5*w**3/6 - w**2 - 6*w. List the prime factors of x(-10).
2, 3
Let f(h) be the first derivative of -h**2 - 12 + 78*h - 1/3*h**3. What are the prime factors of f(0)?
2, 3, 13
Let i(c) = -c + 7. Let p be i(4). Suppose -w - 17 = 4*z, -5*z - p = 2*w + 19. What are the prime factors of 4/8*-58*w?
29
Suppose -27*y + 5337 = -24*y. List the prime factors of y.
3, 593
Let u = -10 + 12. Suppose -u*p - j - 6 = -6*j, -3*j = -4*p + 2. Suppose 0 = -p*h + 4*h - 28. List the prime factors of h.
2, 7
Suppose -3*s + 3*k + 20 = -8*s, 3*s = -k - 12. Let p = 1 - s. Suppose -2*w + 16 = 4*d - 6, 0 = 2*w + p*d - 17. List the prime factors of w.
3, 7
Suppose -4*m = 7*i - 10*i - 1675, 3*i + 15 = 0. List the prime factors of m.
5, 83
Suppose 2*i - 2 = -20. Let b be ((-12)/i)/(4/9). List the prime factors of 23 + (1 - b) + 0.
3, 7
Let q = -236 + 99. Let w = -25 - q. What are the prime factors of w?
2, 7
List the prime factors of 21885/(-20)*1/(12/(-16)).
1459
Suppose 31 = -2*f - 31. Let l = 53 + f. Suppose -8 = -2*o + l. List the prime factors of o.
3, 5
Let g(n) = 25*n**2 - 12*n + 44. List the prime factors of g(-8).
2, 3, 5, 29
Suppose 0 = -2*u + i + 184, 4*u + 5*i = 254 + 142. Suppose -2*p - u = -2*m, 5*p + 2*m = -2*m - 280. Let y = p - -102. What are the prime factors of y?
2, 5
Let w(n) be the third derivative of n**6/120 + n**5/5 - 2*n**4/3 + 11*n**3/6 - 4*n**2. Let f be w(-13). What are the prime factors of (f/2)/((-5)/(-10))?
2, 5
Let r(g) = -647*g + 10. Let m be r(-2). Suppose 9*t = m - 161. List the prime factors of t.
127
Let u(w) = -w**3 - 10*w**2 + 10*w - 12. Let z be u(-11). What are the prime factors of (z - 10/(-4))/(6/432)?
2, 3
Let p(y) be the third derivative of -y**5/60 - y**4/6 - 4*y**2. Let v be p(-3). What are the prime factors of (4/v)/(2/3)?
2
Let v(a) be the third derivative of a**5/60 + 5*a**4/8 - 19*a**3/6 - 36*a**2. List the prime factors of v(9).
197
Let x(i) be the second derivative of i**4/12 - 2*i**3/3 + 9*i**2/2 - 3*i. Let j be 130/16 - (-6)/(-48). What are the prime factors of x(j)?
41
Let p(f) = -219*f**3 - f**2 + 8*f + 16. List the prime factors of p(-2).
2, 19, 23
Let w(z) = -z**3 - 3*z**2 - 14*z - 13. What are the prime factors of w(-8)?
419
Let y(r) = -13*r**3 + 2*r - 1. Suppose -8*h - 2 = -7*h. List the prime factors of y(h).
3, 11
Suppose 3*s = 4*s - 1. Let m be 0 - (s + -3) - -1. Suppose 4*u - 81 = -0*u + 5*n, u - m*n - 29 = 0. What are the prime factors of u?
2, 7
Suppose 30 = -0*m + 2*m. Let z = m - 10. Suppose 3 = z*i - x - 145, x - 26 = -i. What are the prime factors of i?
29
Let g = 248 + -207. What are the prime factors of g?
41
Suppose -8026 = -3*n - 2*m, -4*n - 4*m = -5*n + 2666. What are the prime factors of n?
2, 7, 191
Let m(n) be the first derivative of -2*n**2 - 13*n - 2. Let z = 22 + -28. What are the prime factors of m(z)?
11
Suppose 10*j = 5*j + 440. Suppose g = -w + 40, -w = w - 2*g - j. Suppose 3 = 5*v - w. List the prime factors of v.
3
Suppose -4*v - 9 = -65. Suppose 0*y = y - v. Let h = -7 + y. What are the prime factors of h?
7
Suppose 6*x - 6 = 4*x. Let w be (-15)/(-6)*6/x. Suppose w*r + 27 = 87. List the prime factors of r.
2, 3
Let g = 2743 + -249. What are the prime factors of g?
2, 29, 43
Let l(p) = -27*p + 3. Let z be l(2). Let v be 81/(-270) - 773/(-10). Let b = v + z. What are the prime factors of b?
2, 13
Let s(l) = -50*l + 213. What are the prime factors of s(-12)?
3, 271
Let o(s) = -11*s + 99. Let x be o(12). Let f = x + 297. List the prime factors of f.
2, 3, 11
Suppose 210 = h + 5*h. Let f(t) = -4*t - h - 3*t + 23. What are the prime factors of f(-9)?
3, 17
Let t(l) = -29*l**3 + l**2. Suppose -1 = 3*s - 4. Let p be t(s). List the prime factors of 7/p + (-507)/(-12).
2, 3, 7
Let g = -5 + -12. Let u = 43 + g. List the prime factors of u.
2, 13
Suppose -5*o = -4*m + 229 - 731, 0 = -5*o + 3*m + 499. Let n be (14/(-3 - -2))/(8/32). Let x = o + n. List the prime factors of x.
2, 3, 7
Suppose -z - z + 6 = 0. Let m be (2 + 2)*z/6. What are the prime factors of -5*27*m/(-10)?
3
Let b(v) = 1 - v + 0 + 1 + 1. Let x be b(-3). What are the prime factors of (-64)/x*(-6)/4?
2
Let u be (7720/(-10))/(-2 + 0). Let f = u + -157. List the prime factors of f.
229
Let t(c) = -5*c. Let o(l) = 4*l - 1. Let s(r) = 4*o(r) + 5*t(r). What are the prime factors of s(-6)?
2, 5
Suppose 185*k - 190*k = -2240. What are the prime factors of k?
2, 7
Suppose 1505*d = 1504*d + 2018. What are the prime factors of d?
2, 1009
Let g = -113 + 214. Suppose y - 4*r - g = 0, -y = 3*y + 4*r - 504. What are the prime factors of y?
11
Let t = 61 + -109. Let j(w) = 2*w**3 + 2*w**2 - 2*w + 4. Let f be j(3). Let g = f + t. List the prime factors of g.
2, 11
Let h(t) = 2*t**2 - 4*t - 8. Let s(o) = -3*o + 13. Let j be s(2). What are the prime factors of h(j)?
2, 31
Let v = 10 - 6. Suppose -7*h = 2*h - 18. Suppose -74 = -c - h*a, c - 80 = -a - v*a. List the prime factors of c.
2, 5, 7
Let g be (1 - 2)*-3 - (11 + 0). Let w(i) = i**3 + 9*i**2 + i + 4. What are the prime factors of w(g)?
2, 3, 5
Suppose i + 7 = 14. Suppose -2*t - 170 = -i*t. Suppose -4*n - 2*d = -186, -2*n - 4*d + 74 + t = 0. List the prime factors of n.
2, 11
Let t(j) = 2*j**3 - 2*j**2 - 3*j - 9. List the prime factors of t(6).
3, 37
List the prime factors of (((-63)/(-2))/3)/(28/56).
3, 7
Suppose 2*h = -h - 6, -2*s - h = 2. Let l(y) = -y**3 + 3*y**2 + 2*y - 1. Let w be l(2). Suppose b - w - 7 = s. What are the prime factors of b?
2, 7
Let f(i) be the first derivative of i**2/2 + 4. Let c(n) = -7*n + 1. Let v(w) = -c(w) - 4*f(w). List the prime factors of v(3).
2
Suppose -22*m + 4 = -21*m. Suppose -m*q + 3*n + 96 = -q, 3*n - 156 = -4*q. Suppose 3*s - 102 = -u - q, -54 = -2*s - 4*u. What are the prime factors of s?
3, 7
Suppose 2*f = 4*f - 4. Let z(p) = -6*p**2 + 47*p - 11. Let j be z(6). Let v = j - f. List the prime factors of v.
53
What are the prime factors of 1514/7 - (-58)/(-203)?
2, 3
Let j = 756 + 323. List the prime factors of j.
13, 83
Suppose -4*n = -0*n - 8. Let l be 4/n*(-14 - -11). List the prime factors of (368/12)/(-4)*l.
2, 23
Let s be (2 - 3)/(2/(-4)). Suppose -x + 5*p = -76, 2*p = -x - s*x + 245. What are the prime factors of x?
3
Let g = 336 - 289. List the prime factors of g.
47
Suppose -589*k + 24620 = -579*k. List the prime factors of k.
2, 1231
Let h = 2 + -35. Let u(r) = 3*r + 124. Let o be u(-23). Let g = o + h. List the prime factors of g.
2, 11
List the prime factors of (-1)/2 - ((-40095)/22 + -2).
2, 3, 19
Let l = 6 - 1. Let w(u) = -u - 17 + l + 9*u + 0*u. List the prime factors of w(8).
2, 13
Let d be 80/(-6)*(-1 - 2). Let t = -7 + d. List the prime factors of t.
3, 11
Suppose 34 = -3*i + 151. Suppose -5*o + 2*k = -335, -3*o - 2*o + 345 = -4*k. List the prime factors of (-6)/i + 1440/o.
2, 11
Let g(c) be the second derivative of -2*c**3/3 + 7*c**2/2 - c. Let s be (9/2)/((-6)/16). What are the prime factors of g(s)?
5, 11
What are the prime factors of 7 - (-9 - -8) - -633?
641
Suppose -16*o + 21*o - 15 = 0. Suppose -8*g + o*g + 40 = 0. Suppose -5*w - 24 = -g*w. What are the prime factors of w?
2
Let h(b) = -b**2 - 4*b. Let z be h(-4). Suppose -182 = -22*a + 8*a. Suppose z = -n + 7 + a. List the prime factors of n.
2, 5
Let x(r) = -2*r**3 + 26*r**2 + 1. Let m(c) = -c**3 + 13*c**2. Let a(v) = -5*m(v) + 2*x(v)